{"id":124,"date":"2018-11-13T04:33:04","date_gmt":"2018-11-13T04:33:04","guid":{"rendered":"https:\/\/iejuliussieber.edu.co\/sitio\/?page_id=124"},"modified":"2025-11-22T16:27:22","modified_gmt":"2025-11-22T21:27:22","slug":"simbolos","status":"publish","type":"page","link":"https:\/\/iejuliussieber.edu.co\/sitio\/simbolos\/","title":{"rendered":"S\u00cdMBOLOS"},"content":{"rendered":"\t\t<div data-elementor-type=\"wp-page\" data-elementor-id=\"124\" class=\"elementor elementor-124\" data-elementor-post-type=\"page\">\n\t\t\t\t\t\t<section class=\"elementor-section elementor-top-section elementor-element elementor-element-f8bdf45 elementor-section-boxed elementor-section-height-default elementor-section-height-default\" data-id=\"f8bdf45\" data-element_type=\"section\" data-e-type=\"section\" data-settings=\"{&quot;background_background&quot;:&quot;classic&quot;}\">\n\t\t\t\t\t\t<div class=\"elementor-container elementor-column-gap-no\">\n\t\t\t\t\t<div class=\"elementor-column elementor-col-100 elementor-top-column elementor-element elementor-element-8138de1\" data-id=\"8138de1\" data-element_type=\"column\" data-e-type=\"column\">\n\t\t\t<div class=\"elementor-widget-wrap elementor-element-populated\">\n\t\t\t\t\t\t<section class=\"elementor-section elementor-inner-section elementor-element elementor-element-6d5d3f6 elementor-section-height-min-height elementor-section-boxed elementor-section-height-default elementor-invisible\" data-id=\"6d5d3f6\" data-element_type=\"section\" data-e-type=\"section\" data-settings=\"{&quot;animation&quot;:&quot;fadeIn&quot;}\">\n\t\t\t\t\t\t<div class=\"elementor-container elementor-column-gap-default\">\n\t\t\t\t\t<div class=\"elementor-column elementor-col-100 elementor-inner-column elementor-element elementor-element-ce12030\" data-id=\"ce12030\" data-element_type=\"column\" data-e-type=\"column\">\n\t\t\t<div class=\"elementor-widget-wrap elementor-element-populated\">\n\t\t\t\t\t\t<div class=\"elementor-element elementor-element-766bc69 elementor-widget elementor-widget-heading\" data-id=\"766bc69\" data-element_type=\"widget\" data-e-type=\"widget\" data-widget_type=\"heading.default\">\n\t\t\t\t<div class=\"elementor-widget-container\">\n\t\t\t\t\t<h2 class=\"elementor-heading-title elementor-size-default\">ESCUDO<\/h2>\t\t\t\t<\/div>\n\t\t\t\t<\/div>\n\t\t\t\t<div class=\"elementor-element elementor-element-1b2d111 elementor-widget elementor-widget-image\" data-id=\"1b2d111\" data-element_type=\"widget\" data-e-type=\"widget\" data-widget_type=\"image.default\">\n\t\t\t\t<div class=\"elementor-widget-container\">\n\t\t\t\t\t\t\t\t\t\t\t\t\t\t\t<img fetchpriority=\"high\" decoding=\"async\" width=\"895\" height=\"1093\" src=\"https:\/\/iejuliussieber.edu.co\/sitio\/wp-content\/uploads\/2025\/11\/cropped-cropped-ESCUDO-JULIUS-SIEBER-1-1-2.jpg\" class=\"attachment-full size-full wp-image-2894\" alt=\"\" srcset=\"https:\/\/iejuliussieber.edu.co\/sitio\/wp-content\/uploads\/2025\/11\/cropped-cropped-ESCUDO-JULIUS-SIEBER-1-1-2.jpg 895w, https:\/\/iejuliussieber.edu.co\/sitio\/wp-content\/uploads\/2025\/11\/cropped-cropped-ESCUDO-JULIUS-SIEBER-1-1-2-246x300.jpg 246w, https:\/\/iejuliussieber.edu.co\/sitio\/wp-content\/uploads\/2025\/11\/cropped-cropped-ESCUDO-JULIUS-SIEBER-1-1-2-838x1024.jpg 838w, https:\/\/iejuliussieber.edu.co\/sitio\/wp-content\/uploads\/2025\/11\/cropped-cropped-ESCUDO-JULIUS-SIEBER-1-1-2-768x938.jpg 768w\" sizes=\"(max-width: 895px) 100vw, 895px\" \/>\t\t\t\t\t\t\t\t\t\t\t\t\t\t\t<\/div>\n\t\t\t\t<\/div>\n\t\t\t\t<div class=\"elementor-element elementor-element-8c8e2ce elementor-widget elementor-widget-text-editor\" data-id=\"8c8e2ce\" data-element_type=\"widget\" data-e-type=\"widget\" data-widget_type=\"text-editor.default\">\n\t\t\t\t<div class=\"elementor-widget-container\">\n\t\t\t\t\t\t\t\t\t<p>El dise\u00f1o her\u00e1ldico del contorno externo del escudo est\u00e1 inspirado en la forma cl\u00e1sica b\u00e1sica de los escudos de defensa de la guardia romana 220 A. C. aproximadamente, el cual posteriormente tambi\u00e9n fue adoptado por sus ventajas morfol\u00f3gicas, en la avanzada de algunos frentes militares espa\u00f1oles y franceses.<\/p>\n<p>El escudo esta formado por dos naves; una superior conformada por un rect\u00e1ngulo oblongo curvado en forma coronada. Con esta figurase busca crear un posicionamiento de jerarqu\u00eda y elegancia, del nombre de nuestra instituci\u00f3n, en la mente del p\u00fablico objetivo: los j\u00f3venes, el rect\u00e1ngulo tiene una imagen interna, con intersecciones que rodean el nombre.<\/p>\n<p>La nave inferior, est\u00e1 dividida por una l\u00ednea diagonal, solo visible por la impresi\u00f3n que genera el perfecto contraste entre los colores azul y amarillo. Estos colores planos, presentan, presentan un reborde inmediato de color negro, un poco mas delgado que el de filete externo. Este,en fusi\u00f3n con la base de la nave superior, crea un solo perfil global tambi\u00e9n de color negro. El espacio interior es compartido por las cualidades organol\u00e9pticas de las tres instituciones que antecedieron e inspiraron esta nueva etapa de cambio de personalidad en la imagen institucional.<\/p>\t\t\t\t\t\t\t\t<\/div>\n\t\t\t\t<\/div>\n\t\t\t\t\t<\/div>\n\t\t<\/div>\n\t\t\t\t\t<\/div>\n\t\t<\/section>\n\t\t\t\t\t<\/div>\n\t\t<\/div>\n\t\t\t\t\t<\/div>\n\t\t<\/section>\n\t\t\t\t<section class=\"elementor-section elementor-top-section elementor-element elementor-element-bf6e149 elementor-section-boxed elementor-section-height-default elementor-section-height-default\" data-id=\"bf6e149\" data-element_type=\"section\" data-e-type=\"section\" data-settings=\"{&quot;background_background&quot;:&quot;classic&quot;}\">\n\t\t\t\t\t\t<div class=\"elementor-container elementor-column-gap-no\">\n\t\t\t\t\t<div class=\"elementor-column elementor-col-100 elementor-top-column elementor-element elementor-element-bf4d727\" data-id=\"bf4d727\" data-element_type=\"column\" data-e-type=\"column\">\n\t\t\t<div class=\"elementor-widget-wrap elementor-element-populated\">\n\t\t\t\t\t\t<section class=\"elementor-section elementor-inner-section elementor-element elementor-element-8ccc811 elementor-section-height-min-height elementor-section-boxed elementor-section-height-default elementor-invisible\" data-id=\"8ccc811\" data-element_type=\"section\" data-e-type=\"section\" data-settings=\"{&quot;animation&quot;:&quot;fadeIn&quot;}\">\n\t\t\t\t\t\t<div class=\"elementor-container elementor-column-gap-default\">\n\t\t\t\t\t<div class=\"elementor-column elementor-col-100 elementor-inner-column elementor-element elementor-element-c96fb1f\" data-id=\"c96fb1f\" data-element_type=\"column\" data-e-type=\"column\">\n\t\t\t<div class=\"elementor-widget-wrap elementor-element-populated\">\n\t\t\t\t\t\t<div class=\"elementor-element elementor-element-f88cdb7 elementor-widget elementor-widget-heading\" data-id=\"f88cdb7\" data-element_type=\"widget\" data-e-type=\"widget\" data-widget_type=\"heading.default\">\n\t\t\t\t<div class=\"elementor-widget-container\">\n\t\t\t\t\t<h2 class=\"elementor-heading-title elementor-size-default\">BANDERA<\/h2>\t\t\t\t<\/div>\n\t\t\t\t<\/div>\n\t\t\t\t<div class=\"elementor-element elementor-element-a3c7ab2 elementor-widget elementor-widget-image\" data-id=\"a3c7ab2\" data-element_type=\"widget\" data-e-type=\"widget\" data-widget_type=\"image.default\">\n\t\t\t\t<div class=\"elementor-widget-container\">\n\t\t\t\t\t\t\t\t\t\t\t\t\t\t\t<img decoding=\"async\" width=\"324\" height=\"216\" src=\"https:\/\/iejuliussieber.edu.co\/sitio\/wp-content\/uploads\/2025\/11\/temp.gif\" class=\"attachment-full size-full wp-image-2895\" alt=\"\" \/>\t\t\t\t\t\t\t\t\t\t\t\t\t\t\t<\/div>\n\t\t\t\t<\/div>\n\t\t\t\t<div class=\"elementor-element elementor-element-61604c7 elementor-widget elementor-widget-text-editor\" data-id=\"61604c7\" data-element_type=\"widget\" data-e-type=\"widget\" data-widget_type=\"text-editor.default\">\n\t\t\t\t<div class=\"elementor-widget-container\">\n\t\t\t\t\t\t\t\t\t<p>La bandera tiene un gran significado para los estudiantes porque es s\u00edmbolo de admiraci\u00f3n, respeto e identificaci\u00f3n ante las dem\u00e1s instituciones educativas.<\/p>\n<p><strong>FRANJA SUPERIOR:<\/strong> Color Amarillo<\/p>\n<p>Tercer color del espectro solar, indica luz, vida. Riqueza humana, juventud, arte, ciencia y conocimiento que bajo el sol se funden en nuestra instituci\u00f3n. Es la vitalidad que invita a gozar de un nuevo d\u00eda siendo cada vez mejores.<\/p>\n<p><strong>FRANJA INFERIOR:<\/strong> Color Azul \u00cdndigo.<\/p>\n<p>Quinto color del espectro solar representa el firmamento, la noche que abriga a quienes en la jornada nocturna estudian con fe buscando un mejor amanecer para ellos y para su familia. Es la fortaleza y la entrega de cada uno de los estudiantes del plantel.<\/p>\n<p>La triada en su conjunto simboliza la misi\u00f3n y visi\u00f3n instituci\u00f3n al que tiene como fundamento la formaci\u00f3n integral del ser humano como persona y como ciudadanos.<\/p>\t\t\t\t\t\t\t\t<\/div>\n\t\t\t\t<\/div>\n\t\t\t\t\t<\/div>\n\t\t<\/div>\n\t\t\t\t\t<\/div>\n\t\t<\/section>\n\t\t\t\t\t<\/div>\n\t\t<\/div>\n\t\t\t\t\t<\/div>\n\t\t<\/section>\n\t\t\t\t<section class=\"elementor-section elementor-top-section elementor-element elementor-element-0b4f57d elementor-section-boxed elementor-section-height-default elementor-section-height-default\" data-id=\"0b4f57d\" data-element_type=\"section\" data-e-type=\"section\" data-settings=\"{&quot;background_background&quot;:&quot;classic&quot;}\">\n\t\t\t\t\t\t<div class=\"elementor-container elementor-column-gap-no\">\n\t\t\t\t\t<div class=\"elementor-column elementor-col-100 elementor-top-column elementor-element elementor-element-85bdb07\" data-id=\"85bdb07\" data-element_type=\"column\" data-e-type=\"column\">\n\t\t\t<div class=\"elementor-widget-wrap elementor-element-populated\">\n\t\t\t\t\t\t<section class=\"elementor-section elementor-inner-section elementor-element elementor-element-c638509 elementor-section-height-min-height elementor-section-boxed elementor-section-height-default elementor-invisible\" data-id=\"c638509\" data-element_type=\"section\" data-e-type=\"section\" data-settings=\"{&quot;animation&quot;:&quot;fadeIn&quot;}\">\n\t\t\t\t\t\t<div class=\"elementor-container elementor-column-gap-default\">\n\t\t\t\t\t<div class=\"elementor-column elementor-col-100 elementor-inner-column elementor-element elementor-element-d2fab52\" data-id=\"d2fab52\" data-element_type=\"column\" data-e-type=\"column\">\n\t\t\t<div class=\"elementor-widget-wrap elementor-element-populated\">\n\t\t\t\t\t\t<div class=\"elementor-element elementor-element-4fe384b elementor-widget elementor-widget-heading\" data-id=\"4fe384b\" data-element_type=\"widget\" data-e-type=\"widget\" data-widget_type=\"heading.default\">\n\t\t\t\t<div class=\"elementor-widget-container\">\n\t\t\t\t\t<h2 class=\"elementor-heading-title elementor-size-default\">HIMNO INSTITUCIONAL<\/h2>\t\t\t\t<\/div>\n\t\t\t\t<\/div>\n\t\t\t\t<div class=\"elementor-element elementor-element-e2100e6 elementor-widget elementor-widget-text-editor\" data-id=\"e2100e6\" data-element_type=\"widget\" data-e-type=\"widget\" data-widget_type=\"text-editor.default\">\n\t\t\t\t<div class=\"elementor-widget-container\">\n\t\t\t\t\t\t\t\t\t<p class=\"has-text-align-center has-medium-font-size\"><strong>Coro\u00a0<\/strong><\/p>\n<p class=\"has-text-align-center has-medium-font-size\">Julius\u00a0Sieber, tu sabia Ense\u00f1anza\u00a0<br \/>generoso a Tus Hijos les das\u00a0<br \/>exaltando con fe y esperanza\u00a0<br \/>la grandiosa obra de Educar.<\/p>\n<p class=\"has-text-align-center has-medium-font-size\"><strong>I<\/strong><\/p>\n<p class=\"has-text-align-center has-medium-font-size\">Engalanas a Tunja, la hidalga\u00a0<br \/>Con Tus alas colmadas de luz\u00a0<br \/>En Tus sedes As\u00eds y Santa Ana\u00a0<br \/>adalides de la Juventud.<\/p>\n<p class=\"has-text-align-center has-medium-font-size\"><strong>II<\/strong><\/p>\n<p class=\"has-text-align-center has-medium-font-size\">Forjadoras de Paz y Armon\u00eda\u00a0<br \/>con Que Urrea SON\u00d3 EN SU visi\u00f3n\u00a0<br \/>Siempre Pleno de Sabidur\u00eda\u00a0<br \/>con Valores, Futuro y Raz\u00f3n.<\/p>\n<p class=\"has-text-align-center has-medium-font-size\"><strong>III<\/strong><\/p>\n<p class=\"has-text-align-center has-medium-font-size\">Aula insigne de Nombre glorioso\u00a0<br \/>Que se\u00f1ales caminos de honor\u00a0<br \/>con Respeto y fervor Religioso\u00a0<br \/>impartiendo el sabor con amor.\u00a0<\/p>\n<p class=\"has-text-align-center has-medium-font-size\"><strong>Coro<\/strong><\/p>\n<p class=\"has-text-align-center has-medium-font-size\">Julius Sieber, tu sabia Ense\u00f1anza\u00a0<br \/>generoso a Tus Hijos les das\u00a0<br \/>exaltando con fe y esperanza\u00a0<br \/>la grandiosa obra de Educar.<\/p>\t\t\t\t\t\t\t\t<\/div>\n\t\t\t\t<\/div>\n\t\t\t\t\t<\/div>\n\t\t<\/div>\n\t\t\t\t\t<\/div>\n\t\t<\/section>\n\t\t\t\t\t<\/div>\n\t\t<\/div>\n\t\t\t\t\t<\/div>\n\t\t<\/section>\n\t\t\t\t<\/div>\n\t\t","protected":false},"excerpt":{"rendered":"<p>ESCUDO El dise\u00f1o her\u00e1ldico del contorno externo del escudo est\u00e1 inspirado en la forma cl\u00e1sica b\u00e1sica de los escudos de defensa de la guardia romana 220 A. C. aproximadamente, el cual posteriormente tambi\u00e9n fue adoptado por sus ventajas morfol\u00f3gicas, en la avanzada de algunos frentes militares espa\u00f1oles y franceses. El escudo esta formado por dos [&hellip;]<\/p>\n","protected":false},"author":1,"featured_media":0,"parent":0,"menu_order":0,"comment_status":"closed","ping_status":"closed","template":"","meta":{"inline_featured_image":false,"ocean_post_layout":"","ocean_both_sidebars_style":"","ocean_both_sidebars_content_width":0,"ocean_both_sidebars_sidebars_width":0,"ocean_sidebar":"","ocean_second_sidebar":"","ocean_disable_margins":"enable","ocean_add_body_class":"","ocean_shortcode_before_top_bar":"","ocean_shortcode_after_top_bar":"","ocean_shortcode_before_header":"","ocean_shortcode_after_header":"","ocean_has_shortcode":"","ocean_shortcode_after_title":"","ocean_shortcode_before_footer_widgets":"","ocean_shortcode_after_footer_widgets":"","ocean_shortcode_before_footer_bottom":"","ocean_shortcode_after_footer_bottom":"","ocean_display_top_bar":"default","ocean_display_header":"default","ocean_header_style":"","ocean_center_header_left_menu":"","ocean_custom_header_template":"","ocean_custom_logo":0,"ocean_custom_retina_logo":0,"ocean_custom_logo_max_width":0,"ocean_custom_logo_tablet_max_width":0,"ocean_custom_logo_mobile_max_width":0,"ocean_custom_logo_max_height":0,"ocean_custom_logo_tablet_max_height":0,"ocean_custom_logo_mobile_max_height":0,"ocean_header_custom_menu":"","ocean_menu_typo_font_family":"","ocean_menu_typo_font_subset":"","ocean_menu_typo_font_size":0,"ocean_menu_typo_font_size_tablet":0,"ocean_menu_typo_font_size_mobile":0,"ocean_menu_typo_font_size_unit":"px","ocean_menu_typo_font_weight":"","ocean_menu_typo_font_weight_tablet":"","ocean_menu_typo_font_weight_mobile":"","ocean_menu_typo_transform":"","ocean_menu_typo_transform_tablet":"","ocean_menu_typo_transform_mobile":"","ocean_menu_typo_line_height":0,"ocean_menu_typo_line_height_tablet":0,"ocean_menu_typo_line_height_mobile":0,"ocean_menu_typo_line_height_unit":"","ocean_menu_typo_spacing":0,"ocean_menu_typo_spacing_tablet":0,"ocean_menu_typo_spacing_mobile":0,"ocean_menu_typo_spacing_unit":"","ocean_menu_link_color":"","ocean_menu_link_color_hover":"","ocean_menu_link_color_active":"","ocean_menu_link_background":"","ocean_menu_link_hover_background":"","ocean_menu_link_active_background":"","ocean_menu_social_links_bg":"","ocean_menu_social_hover_links_bg":"","ocean_menu_social_links_color":"","ocean_menu_social_hover_links_color":"","ocean_disable_title":"default","ocean_disable_heading":"default","ocean_post_title":"","ocean_post_subheading":"","ocean_post_title_style":"","ocean_post_title_background_color":"","ocean_post_title_background":0,"ocean_post_title_bg_image_position":"","ocean_post_title_bg_image_attachment":"","ocean_post_title_bg_image_repeat":"","ocean_post_title_bg_image_size":"","ocean_post_title_height":0,"ocean_post_title_bg_overlay":0.5,"ocean_post_title_bg_overlay_color":"","ocean_disable_breadcrumbs":"default","ocean_breadcrumbs_color":"","ocean_breadcrumbs_separator_color":"","ocean_breadcrumbs_links_color":"","ocean_breadcrumbs_links_hover_color":"","ocean_display_footer_widgets":"default","ocean_display_footer_bottom":"default","ocean_custom_footer_template":"","footnotes":""},"class_list":["post-124","page","type-page","status-publish","hentry","entry"],"yoast_head":"<!-- This site is optimized with the Yoast SEO Premium plugin v26.3 (Yoast SEO v27.1.1) - https:\/\/yoast.com\/product\/yoast-seo-premium-wordpress\/ -->\n<title>S\u00cdMBOLOS - Instituci\u00f3n Educativa Julius Sieber<\/title>\n<meta name=\"robots\" content=\"index, follow, max-snippet:-1, max-image-preview:large, max-video-preview:-1\" \/>\n<link rel=\"canonical\" href=\"https:\/\/iejuliussieber.edu.co\/sitio\/simbolos\/\" \/>\n<meta property=\"og:locale\" content=\"es_ES\" \/>\n<meta property=\"og:type\" content=\"article\" \/>\n<meta property=\"og:title\" content=\"S\u00cdMBOLOS\" \/>\n<meta property=\"og:description\" content=\"ESCUDO El dise\u00f1o her\u00e1ldico del contorno externo del escudo est\u00e1 inspirado en la forma cl\u00e1sica b\u00e1sica de los escudos de defensa de la guardia romana 220 A. C. aproximadamente, el cual posteriormente tambi\u00e9n fue adoptado por sus ventajas morfol\u00f3gicas, en la avanzada de algunos frentes militares espa\u00f1oles y franceses. El escudo esta formado por dos [&hellip;]\" \/>\n<meta property=\"og:url\" content=\"https:\/\/iejuliussieber.edu.co\/sitio\/simbolos\/\" \/>\n<meta property=\"og:site_name\" content=\"Instituci\u00f3n Educativa Julius Sieber\" \/>\n<meta property=\"article:modified_time\" content=\"2025-11-22T21:27:22+00:00\" \/>\n<meta property=\"og:image\" content=\"https:\/\/iejuliussieber.edu.co\/sitio\/wp-content\/uploads\/2025\/11\/cropped-cropped-ESCUDO-JULIUS-SIEBER-1-1-2.jpg\" \/>\n\t<meta property=\"og:image:width\" content=\"895\" \/>\n\t<meta property=\"og:image:height\" content=\"1093\" \/>\n\t<meta property=\"og:image:type\" content=\"image\/jpeg\" \/>\n<meta name=\"twitter:card\" content=\"summary_large_image\" \/>\n<script type=\"application\/ld+json\" class=\"yoast-schema-graph\">{\"@context\":\"https:\/\/schema.org\",\"@graph\":[{\"@type\":\"WebPage\",\"@id\":\"https:\/\/iejuliussieber.edu.co\/sitio\/simbolos\/\",\"url\":\"https:\/\/iejuliussieber.edu.co\/sitio\/simbolos\/\",\"name\":\"S\u00cdMBOLOS - Instituci\u00f3n Educativa Julius Sieber\",\"isPartOf\":{\"@id\":\"https:\/\/iejuliussieber.edu.co\/sitio\/#website\"},\"primaryImageOfPage\":{\"@id\":\"https:\/\/iejuliussieber.edu.co\/sitio\/simbolos\/#primaryimage\"},\"image\":{\"@id\":\"https:\/\/iejuliussieber.edu.co\/sitio\/simbolos\/#primaryimage\"},\"thumbnailUrl\":\"https:\/\/iejuliussieber.edu.co\/sitio\/wp-content\/uploads\/2025\/11\/cropped-cropped-ESCUDO-JULIUS-SIEBER-1-1-2.jpg\",\"datePublished\":\"2018-11-13T04:33:04+00:00\",\"dateModified\":\"2025-11-22T21:27:22+00:00\",\"breadcrumb\":{\"@id\":\"https:\/\/iejuliussieber.edu.co\/sitio\/simbolos\/#breadcrumb\"},\"inLanguage\":\"es\",\"potentialAction\":[{\"@type\":\"ReadAction\",\"target\":[\"https:\/\/iejuliussieber.edu.co\/sitio\/simbolos\/\"]}]},{\"@type\":\"ImageObject\",\"inLanguage\":\"es\",\"@id\":\"https:\/\/iejuliussieber.edu.co\/sitio\/simbolos\/#primaryimage\",\"url\":\"https:\/\/iejuliussieber.edu.co\/sitio\/wp-content\/uploads\/2025\/11\/cropped-cropped-ESCUDO-JULIUS-SIEBER-1-1-2.jpg\",\"contentUrl\":\"https:\/\/iejuliussieber.edu.co\/sitio\/wp-content\/uploads\/2025\/11\/cropped-cropped-ESCUDO-JULIUS-SIEBER-1-1-2.jpg\",\"width\":895,\"height\":1093},{\"@type\":\"BreadcrumbList\",\"@id\":\"https:\/\/iejuliussieber.edu.co\/sitio\/simbolos\/#breadcrumb\",\"itemListElement\":[{\"@type\":\"ListItem\",\"position\":1,\"name\":\"Portada\",\"item\":\"https:\/\/iejuliussieber.edu.co\/sitio\/\"},{\"@type\":\"ListItem\",\"position\":2,\"name\":\"S\u00cdMBOLOS\"}]},{\"@type\":\"WebSite\",\"@id\":\"https:\/\/iejuliussieber.edu.co\/sitio\/#website\",\"url\":\"https:\/\/iejuliussieber.edu.co\/sitio\/\",\"name\":\"Instituci\u00f3n Educativa Julius Sieber\",\"description\":\"\",\"publisher\":{\"@id\":\"https:\/\/iejuliussieber.edu.co\/sitio\/#organization\"},\"potentialAction\":[{\"@type\":\"SearchAction\",\"target\":{\"@type\":\"EntryPoint\",\"urlTemplate\":\"https:\/\/iejuliussieber.edu.co\/sitio\/?s={search_term_string}\"},\"query-input\":{\"@type\":\"PropertyValueSpecification\",\"valueRequired\":true,\"valueName\":\"search_term_string\"}}],\"inLanguage\":\"es\"},{\"@type\":\"Organization\",\"@id\":\"https:\/\/iejuliussieber.edu.co\/sitio\/#organization\",\"name\":\"Instituci\u00f3n Educativa Julius Sieber\",\"url\":\"https:\/\/iejuliussieber.edu.co\/sitio\/\",\"logo\":{\"@type\":\"ImageObject\",\"inLanguage\":\"es\",\"@id\":\"https:\/\/iejuliussieber.edu.co\/sitio\/#\/schema\/logo\/image\/\",\"url\":\"https:\/\/iejuliussieber.edu.co\/sitio\/wp-content\/uploads\/2018\/11\/cropped-cropped-ESCUDO-JULIUS-SIEBER-1-1.jpg\",\"contentUrl\":\"https:\/\/iejuliussieber.edu.co\/sitio\/wp-content\/uploads\/2018\/11\/cropped-cropped-ESCUDO-JULIUS-SIEBER-1-1.jpg\",\"width\":895,\"height\":1093,\"caption\":\"Instituci\u00f3n Educativa Julius Sieber\"},\"image\":{\"@id\":\"https:\/\/iejuliussieber.edu.co\/sitio\/#\/schema\/logo\/image\/\"}}]}<\/script>\n<!-- \/ Yoast SEO Premium plugin. -->","yoast_head_json":{"title":"S\u00cdMBOLOS - Instituci\u00f3n Educativa Julius Sieber","robots":{"index":"index","follow":"follow","max-snippet":"max-snippet:-1","max-image-preview":"max-image-preview:large","max-video-preview":"max-video-preview:-1"},"canonical":"https:\/\/iejuliussieber.edu.co\/sitio\/simbolos\/","og_locale":"es_ES","og_type":"article","og_title":"S\u00cdMBOLOS","og_description":"ESCUDO El dise\u00f1o her\u00e1ldico del contorno externo del escudo est\u00e1 inspirado en la forma cl\u00e1sica b\u00e1sica de los escudos de defensa de la guardia romana 220 A. C. aproximadamente, el cual posteriormente tambi\u00e9n fue adoptado por sus ventajas morfol\u00f3gicas, en la avanzada de algunos frentes militares espa\u00f1oles y franceses. El escudo esta formado por dos [&hellip;]","og_url":"https:\/\/iejuliussieber.edu.co\/sitio\/simbolos\/","og_site_name":"Instituci\u00f3n Educativa Julius Sieber","article_modified_time":"2025-11-22T21:27:22+00:00","og_image":[{"width":895,"height":1093,"url":"https:\/\/iejuliussieber.edu.co\/sitio\/wp-content\/uploads\/2025\/11\/cropped-cropped-ESCUDO-JULIUS-SIEBER-1-1-2.jpg","type":"image\/jpeg"}],"twitter_card":"summary_large_image","schema":{"@context":"https:\/\/schema.org","@graph":[{"@type":"WebPage","@id":"https:\/\/iejuliussieber.edu.co\/sitio\/simbolos\/","url":"https:\/\/iejuliussieber.edu.co\/sitio\/simbolos\/","name":"S\u00cdMBOLOS - Instituci\u00f3n Educativa Julius Sieber","isPartOf":{"@id":"https:\/\/iejuliussieber.edu.co\/sitio\/#website"},"primaryImageOfPage":{"@id":"https:\/\/iejuliussieber.edu.co\/sitio\/simbolos\/#primaryimage"},"image":{"@id":"https:\/\/iejuliussieber.edu.co\/sitio\/simbolos\/#primaryimage"},"thumbnailUrl":"https:\/\/iejuliussieber.edu.co\/sitio\/wp-content\/uploads\/2025\/11\/cropped-cropped-ESCUDO-JULIUS-SIEBER-1-1-2.jpg","datePublished":"2018-11-13T04:33:04+00:00","dateModified":"2025-11-22T21:27:22+00:00","breadcrumb":{"@id":"https:\/\/iejuliussieber.edu.co\/sitio\/simbolos\/#breadcrumb"},"inLanguage":"es","potentialAction":[{"@type":"ReadAction","target":["https:\/\/iejuliussieber.edu.co\/sitio\/simbolos\/"]}]},{"@type":"ImageObject","inLanguage":"es","@id":"https:\/\/iejuliussieber.edu.co\/sitio\/simbolos\/#primaryimage","url":"https:\/\/iejuliussieber.edu.co\/sitio\/wp-content\/uploads\/2025\/11\/cropped-cropped-ESCUDO-JULIUS-SIEBER-1-1-2.jpg","contentUrl":"https:\/\/iejuliussieber.edu.co\/sitio\/wp-content\/uploads\/2025\/11\/cropped-cropped-ESCUDO-JULIUS-SIEBER-1-1-2.jpg","width":895,"height":1093},{"@type":"BreadcrumbList","@id":"https:\/\/iejuliussieber.edu.co\/sitio\/simbolos\/#breadcrumb","itemListElement":[{"@type":"ListItem","position":1,"name":"Portada","item":"https:\/\/iejuliussieber.edu.co\/sitio\/"},{"@type":"ListItem","position":2,"name":"S\u00cdMBOLOS"}]},{"@type":"WebSite","@id":"https:\/\/iejuliussieber.edu.co\/sitio\/#website","url":"https:\/\/iejuliussieber.edu.co\/sitio\/","name":"Instituci\u00f3n Educativa Julius Sieber","description":"","publisher":{"@id":"https:\/\/iejuliussieber.edu.co\/sitio\/#organization"},"potentialAction":[{"@type":"SearchAction","target":{"@type":"EntryPoint","urlTemplate":"https:\/\/iejuliussieber.edu.co\/sitio\/?s={search_term_string}"},"query-input":{"@type":"PropertyValueSpecification","valueRequired":true,"valueName":"search_term_string"}}],"inLanguage":"es"},{"@type":"Organization","@id":"https:\/\/iejuliussieber.edu.co\/sitio\/#organization","name":"Instituci\u00f3n Educativa Julius Sieber","url":"https:\/\/iejuliussieber.edu.co\/sitio\/","logo":{"@type":"ImageObject","inLanguage":"es","@id":"https:\/\/iejuliussieber.edu.co\/sitio\/#\/schema\/logo\/image\/","url":"https:\/\/iejuliussieber.edu.co\/sitio\/wp-content\/uploads\/2018\/11\/cropped-cropped-ESCUDO-JULIUS-SIEBER-1-1.jpg","contentUrl":"https:\/\/iejuliussieber.edu.co\/sitio\/wp-content\/uploads\/2018\/11\/cropped-cropped-ESCUDO-JULIUS-SIEBER-1-1.jpg","width":895,"height":1093,"caption":"Instituci\u00f3n Educativa Julius Sieber"},"image":{"@id":"https:\/\/iejuliussieber.edu.co\/sitio\/#\/schema\/logo\/image\/"}}]}},"_links":{"self":[{"href":"https:\/\/iejuliussieber.edu.co\/sitio\/wp-json\/wp\/v2\/pages\/124","targetHints":{"allow":["GET"]}}],"collection":[{"href":"https:\/\/iejuliussieber.edu.co\/sitio\/wp-json\/wp\/v2\/pages"}],"about":[{"href":"https:\/\/iejuliussieber.edu.co\/sitio\/wp-json\/wp\/v2\/types\/page"}],"author":[{"embeddable":true,"href":"https:\/\/iejuliussieber.edu.co\/sitio\/wp-json\/wp\/v2\/users\/1"}],"replies":[{"embeddable":true,"href":"https:\/\/iejuliussieber.edu.co\/sitio\/wp-json\/wp\/v2\/comments?post=124"}],"version-history":[{"count":0,"href":"https:\/\/iejuliussieber.edu.co\/sitio\/wp-json\/wp\/v2\/pages\/124\/revisions"}],"wp:attachment":[{"href":"https:\/\/iejuliussieber.edu.co\/sitio\/wp-json\/wp\/v2\/media?parent=124"}],"curies":[{"name":"wp","href":"https:\/\/api.w.org\/{rel}","templated":true}]}}