{"id":150,"date":"2018-11-13T05:29:42","date_gmt":"2018-11-13T05:29:42","guid":{"rendered":"https:\/\/iejuliussieber.edu.co\/sitio\/?page_id=150"},"modified":"2025-11-22T16:56:26","modified_gmt":"2025-11-22T21:56:26","slug":"normatividad","status":"publish","type":"page","link":"https:\/\/iejuliussieber.edu.co\/sitio\/normatividad\/","title":{"rendered":"NORMATIVIDAD"},"content":{"rendered":"\t\t<div data-elementor-type=\"wp-post\" data-elementor-id=\"150\" class=\"elementor elementor-150\" data-elementor-post-type=\"page\">\n\t\t\t\t\t\t<section class=\"elementor-section elementor-top-section elementor-element elementor-element-681729d elementor-section-boxed elementor-section-height-default elementor-section-height-default\" data-id=\"681729d\" data-element_type=\"section\" data-e-type=\"section\">\n\t\t\t\t\t\t<div class=\"elementor-container elementor-column-gap-default\">\n\t\t\t\t\t<div class=\"elementor-column elementor-col-33 elementor-top-column elementor-element elementor-element-c33542e\" data-id=\"c33542e\" data-element_type=\"column\" data-e-type=\"column\">\n\t\t\t<div class=\"elementor-widget-wrap elementor-element-populated\">\n\t\t\t\t\t\t<div class=\"elementor-element elementor-element-c1cc56d elementor-align-center elementor-widget elementor-widget-button\" data-id=\"c1cc56d\" data-element_type=\"widget\" data-e-type=\"widget\" data-settings=\"{&quot;motion_fx_motion_fx_mouse&quot;:&quot;yes&quot;,&quot;motion_fx_mouseTrack_effect&quot;:&quot;yes&quot;,&quot;motion_fx_mouseTrack_speed&quot;:{&quot;unit&quot;:&quot;px&quot;,&quot;size&quot;:0.1,&quot;sizes&quot;:[]}}\" data-widget_type=\"button.default\">\n\t\t\t\t<div class=\"elementor-widget-container\">\n\t\t\t\t\t\t\t\t\t<div class=\"elementor-button-wrapper\">\n\t\t\t\t\t<a class=\"elementor-button elementor-button-link elementor-size-sm\" href=\"https:\/\/iejuliussieber.edu.co\/sitio\/\">\n\t\t\t\t\t\t<span class=\"elementor-button-content-wrapper\">\n\t\t\t\t\t\t<span class=\"elementor-button-icon\">\n\t\t\t\t<i aria-hidden=\"true\" class=\"fas fa-home\"><\/i>\t\t\t<\/span>\n\t\t\t\t\t\t\t\t\t<span class=\"elementor-button-text\">INICIO<\/span>\n\t\t\t\t\t<\/span>\n\t\t\t\t\t<\/a>\n\t\t\t\t<\/div>\n\t\t\t\t\t\t\t\t<\/div>\n\t\t\t\t<\/div>\n\t\t\t\t\t<\/div>\n\t\t<\/div>\n\t\t\t\t<div class=\"elementor-column elementor-col-33 elementor-top-column elementor-element elementor-element-5cedf2b\" data-id=\"5cedf2b\" data-element_type=\"column\" data-e-type=\"column\">\n\t\t\t<div class=\"elementor-widget-wrap elementor-element-populated\">\n\t\t\t\t\t\t<div class=\"elementor-element elementor-element-c6ba60b elementor-widget__width-initial elementor-widget elementor-widget-image\" data-id=\"c6ba60b\" data-element_type=\"widget\" data-e-type=\"widget\" data-widget_type=\"image.default\">\n\t\t\t\t<div class=\"elementor-widget-container\">\n\t\t\t\t\t\t\t\t\t\t\t\t\t\t\t\t<a href=\"https:\/\/iejuliussieber.edu.co\/sitio\/\">\n\t\t\t\t\t\t\t<img fetchpriority=\"high\" decoding=\"async\" width=\"895\" height=\"1093\" src=\"https:\/\/iejuliussieber.edu.co\/sitio\/wp-content\/uploads\/2018\/11\/cropped-cropped-ESCUDO-JULIUS-SIEBER-1-1.jpg\" class=\"attachment-full size-full wp-image-2265\" alt=\"\" srcset=\"https:\/\/iejuliussieber.edu.co\/sitio\/wp-content\/uploads\/2018\/11\/cropped-cropped-ESCUDO-JULIUS-SIEBER-1-1.jpg 895w, https:\/\/iejuliussieber.edu.co\/sitio\/wp-content\/uploads\/2018\/11\/cropped-cropped-ESCUDO-JULIUS-SIEBER-1-1-246x300.jpg 246w, https:\/\/iejuliussieber.edu.co\/sitio\/wp-content\/uploads\/2018\/11\/cropped-cropped-ESCUDO-JULIUS-SIEBER-1-1-838x1024.jpg 838w, https:\/\/iejuliussieber.edu.co\/sitio\/wp-content\/uploads\/2018\/11\/cropped-cropped-ESCUDO-JULIUS-SIEBER-1-1-768x938.jpg 768w\" sizes=\"(max-width: 895px) 100vw, 895px\" \/>\t\t\t\t\t\t\t\t<\/a>\n\t\t\t\t\t\t\t\t\t\t\t\t\t\t\t<\/div>\n\t\t\t\t<\/div>\n\t\t\t\t\t<\/div>\n\t\t<\/div>\n\t\t\t\t<div class=\"elementor-column elementor-col-33 elementor-top-column elementor-element elementor-element-fb027ac\" data-id=\"fb027ac\" data-element_type=\"column\" data-e-type=\"column\">\n\t\t\t<div class=\"elementor-widget-wrap\">\n\t\t\t\t\t\t\t<\/div>\n\t\t<\/div>\n\t\t\t\t\t<\/div>\n\t\t<\/section>\n\t\t<div class=\"elementor-element elementor-element-49fabbc e-flex e-con-boxed elementor-invisible e-con e-parent\" data-id=\"49fabbc\" data-element_type=\"container\" data-e-type=\"container\" data-settings=\"{&quot;animation&quot;:&quot;fadeIn&quot;}\">\n\t\t\t\t\t<div class=\"e-con-inner\">\n\t\t\t\t<div class=\"elementor-element elementor-element-a3355fc elementor-widget elementor-widget-heading\" data-id=\"a3355fc\" data-element_type=\"widget\" data-e-type=\"widget\" data-widget_type=\"heading.default\">\n\t\t\t\t<div class=\"elementor-widget-container\">\n\t\t\t\t\t<h2 class=\"elementor-heading-title elementor-size-default\">NORMATIVIDAD<\/h2>\t\t\t\t<\/div>\n\t\t\t\t<\/div>\n\t\t\t\t\t<\/div>\n\t\t\t\t<\/div>\n\t\t\t\t<section class=\"elementor-section elementor-top-section elementor-element elementor-element-a521f93 elementor-section-boxed elementor-section-height-default elementor-section-height-default\" data-id=\"a521f93\" data-element_type=\"section\" data-e-type=\"section\" data-settings=\"{&quot;background_background&quot;:&quot;classic&quot;}\">\n\t\t\t\t\t\t<div class=\"elementor-container elementor-column-gap-no\">\n\t\t\t\t\t<div class=\"elementor-column elementor-col-100 elementor-top-column elementor-element elementor-element-a8a84f1\" data-id=\"a8a84f1\" data-element_type=\"column\" data-e-type=\"column\">\n\t\t\t<div class=\"elementor-widget-wrap elementor-element-populated\">\n\t\t\t\t\t\t<section class=\"elementor-section elementor-inner-section elementor-element elementor-element-dcf4fe3 elementor-section-height-min-height elementor-section-boxed elementor-section-height-default elementor-invisible\" data-id=\"dcf4fe3\" data-element_type=\"section\" data-e-type=\"section\" data-settings=\"{&quot;animation&quot;:&quot;fadeIn&quot;}\">\n\t\t\t\t\t\t<div class=\"elementor-container elementor-column-gap-default\">\n\t\t\t\t\t<div class=\"elementor-column elementor-col-100 elementor-inner-column elementor-element elementor-element-3e977e6\" data-id=\"3e977e6\" data-element_type=\"column\" data-e-type=\"column\">\n\t\t\t<div class=\"elementor-widget-wrap elementor-element-populated\">\n\t\t\t\t\t\t<div class=\"elementor-element elementor-element-3cc2576 elementor-widget elementor-widget-heading\" data-id=\"3cc2576\" data-element_type=\"widget\" data-e-type=\"widget\" data-widget_type=\"heading.default\">\n\t\t\t\t<div class=\"elementor-widget-container\">\n\t\t\t\t\t<h2 class=\"elementor-heading-title elementor-size-default\">PROGRAMAS DE ARTICULACI\u00d3N Y MODALIDAD DE LA EDUCACI\u00d3N MEDIA<\/h2>\t\t\t\t<\/div>\n\t\t\t\t<\/div>\n\t\t\t\t\t<\/div>\n\t\t<\/div>\n\t\t\t\t\t<\/div>\n\t\t<\/section>\n\t\t\t\t\t<\/div>\n\t\t<\/div>\n\t\t\t\t\t<\/div>\n\t\t<\/section>\n\t\t\t\t<section class=\"elementor-section elementor-top-section elementor-element elementor-element-c34d927 elementor-section-boxed elementor-section-height-default elementor-section-height-default\" data-id=\"c34d927\" data-element_type=\"section\" data-e-type=\"section\" data-settings=\"{&quot;background_background&quot;:&quot;classic&quot;}\">\n\t\t\t\t\t\t<div class=\"elementor-container elementor-column-gap-no\">\n\t\t\t\t\t<div class=\"elementor-column elementor-col-100 elementor-top-column elementor-element elementor-element-1d03f00\" data-id=\"1d03f00\" data-element_type=\"column\" data-e-type=\"column\">\n\t\t\t<div class=\"elementor-widget-wrap elementor-element-populated\">\n\t\t\t\t\t\t<section class=\"elementor-section elementor-inner-section elementor-element elementor-element-15dae81 elementor-section-height-min-height elementor-section-boxed elementor-section-height-default elementor-invisible\" data-id=\"15dae81\" data-element_type=\"section\" data-e-type=\"section\" data-settings=\"{&quot;animation&quot;:&quot;fadeIn&quot;}\">\n\t\t\t\t\t\t<div class=\"elementor-container elementor-column-gap-default\">\n\t\t\t\t\t<div class=\"elementor-column elementor-col-100 elementor-inner-column elementor-element elementor-element-954ab56\" data-id=\"954ab56\" data-element_type=\"column\" data-e-type=\"column\">\n\t\t\t<div class=\"elementor-widget-wrap elementor-element-populated\">\n\t\t\t\t\t\t<div class=\"elementor-element elementor-element-0159750 elementor-widget elementor-widget-heading\" data-id=\"0159750\" data-element_type=\"widget\" data-e-type=\"widget\" data-widget_type=\"heading.default\">\n\t\t\t\t<div class=\"elementor-widget-container\">\n\t\t\t\t\t<h2 class=\"elementor-heading-title elementor-size-default\">PROGRAMAS DE ARTICULACI\u00d3N Y MODALIDAD DE LA EDUCACI\u00d3N MEDIA<\/h2>\t\t\t\t<\/div>\n\t\t\t\t<\/div>\n\t\t\t\t\t<\/div>\n\t\t<\/div>\n\t\t\t\t\t<\/div>\n\t\t<\/section>\n\t\t\t\t\t<\/div>\n\t\t<\/div>\n\t\t\t\t\t<\/div>\n\t\t<\/section>\n\t\t\t\t<\/div>\n\t\t","protected":false},"excerpt":{"rendered":"<p>INICIO PROGRAMAS DE ARTICULACI\u00d3N Y MODALIDAD DE LA EDUCACI\u00d3N MEDIA PROGRAMAS DE ARTICULACI\u00d3N Y MODALIDAD DE LA EDUCACI\u00d3N MEDIA<\/p>\n","protected":false},"author":1,"featured_media":0,"parent":0,"menu_order":0,"comment_status":"closed","ping_status":"closed","template":"","meta":{"inline_featured_image":false,"ocean_post_layout":"","ocean_both_sidebars_style":"","ocean_both_sidebars_content_width":0,"ocean_both_sidebars_sidebars_width":0,"ocean_sidebar":"","ocean_second_sidebar":"","ocean_disable_margins":"enable","ocean_add_body_class":"","ocean_shortcode_before_top_bar":"","ocean_shortcode_after_top_bar":"","ocean_shortcode_before_header":"","ocean_shortcode_after_header":"","ocean_has_shortcode":"","ocean_shortcode_after_title":"","ocean_shortcode_before_footer_widgets":"","ocean_shortcode_after_footer_widgets":"","ocean_shortcode_before_footer_bottom":"","ocean_shortcode_after_footer_bottom":"","ocean_display_top_bar":"default","ocean_display_header":"default","ocean_header_style":"","ocean_center_header_left_menu":"","ocean_custom_header_template":"","ocean_custom_logo":0,"ocean_custom_retina_logo":0,"ocean_custom_logo_max_width":0,"ocean_custom_logo_tablet_max_width":0,"ocean_custom_logo_mobile_max_width":0,"ocean_custom_logo_max_height":0,"ocean_custom_logo_tablet_max_height":0,"ocean_custom_logo_mobile_max_height":0,"ocean_header_custom_menu":"","ocean_menu_typo_font_family":"","ocean_menu_typo_font_subset":"","ocean_menu_typo_font_size":0,"ocean_menu_typo_font_size_tablet":0,"ocean_menu_typo_font_size_mobile":0,"ocean_menu_typo_font_size_unit":"px","ocean_menu_typo_font_weight":"","ocean_menu_typo_font_weight_tablet":"","ocean_menu_typo_font_weight_mobile":"","ocean_menu_typo_transform":"","ocean_menu_typo_transform_tablet":"","ocean_menu_typo_transform_mobile":"","ocean_menu_typo_line_height":0,"ocean_menu_typo_line_height_tablet":0,"ocean_menu_typo_line_height_mobile":0,"ocean_menu_typo_line_height_unit":"","ocean_menu_typo_spacing":0,"ocean_menu_typo_spacing_tablet":0,"ocean_menu_typo_spacing_mobile":0,"ocean_menu_typo_spacing_unit":"","ocean_menu_link_color":"","ocean_menu_link_color_hover":"","ocean_menu_link_color_active":"","ocean_menu_link_background":"","ocean_menu_link_hover_background":"","ocean_menu_link_active_background":"","ocean_menu_social_links_bg":"","ocean_menu_social_hover_links_bg":"","ocean_menu_social_links_color":"","ocean_menu_social_hover_links_color":"","ocean_disable_title":"default","ocean_disable_heading":"default","ocean_post_title":"","ocean_post_subheading":"","ocean_post_title_style":"","ocean_post_title_background_color":"","ocean_post_title_background":0,"ocean_post_title_bg_image_position":"","ocean_post_title_bg_image_attachment":"","ocean_post_title_bg_image_repeat":"","ocean_post_title_bg_image_size":"","ocean_post_title_height":0,"ocean_post_title_bg_overlay":0.5,"ocean_post_title_bg_overlay_color":"","ocean_disable_breadcrumbs":"default","ocean_breadcrumbs_color":"","ocean_breadcrumbs_separator_color":"","ocean_breadcrumbs_links_color":"","ocean_breadcrumbs_links_hover_color":"","ocean_display_footer_widgets":"default","ocean_display_footer_bottom":"default","ocean_custom_footer_template":"","footnotes":""},"class_list":["post-150","page","type-page","status-publish","hentry","entry"],"yoast_head":"<!-- This site is optimized with the Yoast SEO Premium plugin v26.3 (Yoast SEO v27.1.1) - https:\/\/yoast.com\/product\/yoast-seo-premium-wordpress\/ -->\n<title>NORMATIVIDAD - Instituci\u00f3n Educativa Julius Sieber<\/title>\n<meta name=\"robots\" content=\"index, follow, max-snippet:-1, max-image-preview:large, max-video-preview:-1\" \/>\n<link rel=\"canonical\" href=\"https:\/\/iejuliussieber.edu.co\/sitio\/normatividad\/\" \/>\n<meta property=\"og:locale\" content=\"es_ES\" \/>\n<meta property=\"og:type\" content=\"article\" \/>\n<meta property=\"og:title\" content=\"NORMATIVIDAD\" \/>\n<meta property=\"og:description\" content=\"INICIO PROGRAMAS DE ARTICULACI\u00d3N Y MODALIDAD DE LA EDUCACI\u00d3N MEDIA PROGRAMAS DE ARTICULACI\u00d3N Y MODALIDAD DE LA EDUCACI\u00d3N MEDIA\" \/>\n<meta property=\"og:url\" content=\"https:\/\/iejuliussieber.edu.co\/sitio\/normatividad\/\" \/>\n<meta property=\"og:site_name\" content=\"Instituci\u00f3n Educativa Julius Sieber\" \/>\n<meta property=\"article:modified_time\" content=\"2025-11-22T21:56:26+00:00\" \/>\n<meta property=\"og:image\" content=\"https:\/\/iejuliussieber.edu.co\/sitio\/wp-content\/uploads\/2018\/11\/cropped-cropped-ESCUDO-JULIUS-SIEBER-1-1.jpg\" \/>\n\t<meta property=\"og:image:width\" content=\"895\" \/>\n\t<meta property=\"og:image:height\" content=\"1093\" \/>\n\t<meta property=\"og:image:type\" content=\"image\/jpeg\" \/>\n<meta name=\"twitter:card\" content=\"summary_large_image\" \/>\n<meta name=\"twitter:label1\" content=\"Tiempo de lectura\" \/>\n\t<meta name=\"twitter:data1\" content=\"1 minuto\" \/>\n<script type=\"application\/ld+json\" class=\"yoast-schema-graph\">{\"@context\":\"https:\/\/schema.org\",\"@graph\":[{\"@type\":\"WebPage\",\"@id\":\"https:\/\/iejuliussieber.edu.co\/sitio\/normatividad\/\",\"url\":\"https:\/\/iejuliussieber.edu.co\/sitio\/normatividad\/\",\"name\":\"NORMATIVIDAD - Instituci\u00f3n Educativa Julius Sieber\",\"isPartOf\":{\"@id\":\"https:\/\/iejuliussieber.edu.co\/sitio\/#website\"},\"primaryImageOfPage\":{\"@id\":\"https:\/\/iejuliussieber.edu.co\/sitio\/normatividad\/#primaryimage\"},\"image\":{\"@id\":\"https:\/\/iejuliussieber.edu.co\/sitio\/normatividad\/#primaryimage\"},\"thumbnailUrl\":\"https:\/\/iejuliussieber.edu.co\/sitio\/wp-content\/uploads\/2018\/11\/cropped-cropped-ESCUDO-JULIUS-SIEBER-1-1.jpg\",\"datePublished\":\"2018-11-13T05:29:42+00:00\",\"dateModified\":\"2025-11-22T21:56:26+00:00\",\"breadcrumb\":{\"@id\":\"https:\/\/iejuliussieber.edu.co\/sitio\/normatividad\/#breadcrumb\"},\"inLanguage\":\"es\",\"potentialAction\":[{\"@type\":\"ReadAction\",\"target\":[\"https:\/\/iejuliussieber.edu.co\/sitio\/normatividad\/\"]}]},{\"@type\":\"ImageObject\",\"inLanguage\":\"es\",\"@id\":\"https:\/\/iejuliussieber.edu.co\/sitio\/normatividad\/#primaryimage\",\"url\":\"https:\/\/iejuliussieber.edu.co\/sitio\/wp-content\/uploads\/2018\/11\/cropped-cropped-ESCUDO-JULIUS-SIEBER-1-1.jpg\",\"contentUrl\":\"https:\/\/iejuliussieber.edu.co\/sitio\/wp-content\/uploads\/2018\/11\/cropped-cropped-ESCUDO-JULIUS-SIEBER-1-1.jpg\",\"width\":895,\"height\":1093},{\"@type\":\"BreadcrumbList\",\"@id\":\"https:\/\/iejuliussieber.edu.co\/sitio\/normatividad\/#breadcrumb\",\"itemListElement\":[{\"@type\":\"ListItem\",\"position\":1,\"name\":\"Portada\",\"item\":\"https:\/\/iejuliussieber.edu.co\/sitio\/\"},{\"@type\":\"ListItem\",\"position\":2,\"name\":\"NORMATIVIDAD\"}]},{\"@type\":\"WebSite\",\"@id\":\"https:\/\/iejuliussieber.edu.co\/sitio\/#website\",\"url\":\"https:\/\/iejuliussieber.edu.co\/sitio\/\",\"name\":\"Instituci\u00f3n Educativa Julius Sieber\",\"description\":\"\",\"publisher\":{\"@id\":\"https:\/\/iejuliussieber.edu.co\/sitio\/#organization\"},\"potentialAction\":[{\"@type\":\"SearchAction\",\"target\":{\"@type\":\"EntryPoint\",\"urlTemplate\":\"https:\/\/iejuliussieber.edu.co\/sitio\/?s={search_term_string}\"},\"query-input\":{\"@type\":\"PropertyValueSpecification\",\"valueRequired\":true,\"valueName\":\"search_term_string\"}}],\"inLanguage\":\"es\"},{\"@type\":\"Organization\",\"@id\":\"https:\/\/iejuliussieber.edu.co\/sitio\/#organization\",\"name\":\"Instituci\u00f3n Educativa Julius Sieber\",\"url\":\"https:\/\/iejuliussieber.edu.co\/sitio\/\",\"logo\":{\"@type\":\"ImageObject\",\"inLanguage\":\"es\",\"@id\":\"https:\/\/iejuliussieber.edu.co\/sitio\/#\/schema\/logo\/image\/\",\"url\":\"https:\/\/iejuliussieber.edu.co\/sitio\/wp-content\/uploads\/2018\/11\/cropped-cropped-ESCUDO-JULIUS-SIEBER-1-1.jpg\",\"contentUrl\":\"https:\/\/iejuliussieber.edu.co\/sitio\/wp-content\/uploads\/2018\/11\/cropped-cropped-ESCUDO-JULIUS-SIEBER-1-1.jpg\",\"width\":895,\"height\":1093,\"caption\":\"Instituci\u00f3n Educativa Julius Sieber\"},\"image\":{\"@id\":\"https:\/\/iejuliussieber.edu.co\/sitio\/#\/schema\/logo\/image\/\"}}]}<\/script>\n<!-- \/ Yoast SEO Premium plugin. -->","yoast_head_json":{"title":"NORMATIVIDAD - Instituci\u00f3n Educativa Julius Sieber","robots":{"index":"index","follow":"follow","max-snippet":"max-snippet:-1","max-image-preview":"max-image-preview:large","max-video-preview":"max-video-preview:-1"},"canonical":"https:\/\/iejuliussieber.edu.co\/sitio\/normatividad\/","og_locale":"es_ES","og_type":"article","og_title":"NORMATIVIDAD","og_description":"INICIO PROGRAMAS DE ARTICULACI\u00d3N Y MODALIDAD DE LA EDUCACI\u00d3N MEDIA PROGRAMAS DE ARTICULACI\u00d3N Y MODALIDAD DE LA EDUCACI\u00d3N MEDIA","og_url":"https:\/\/iejuliussieber.edu.co\/sitio\/normatividad\/","og_site_name":"Instituci\u00f3n Educativa Julius Sieber","article_modified_time":"2025-11-22T21:56:26+00:00","og_image":[{"width":895,"height":1093,"url":"https:\/\/iejuliussieber.edu.co\/sitio\/wp-content\/uploads\/2018\/11\/cropped-cropped-ESCUDO-JULIUS-SIEBER-1-1.jpg","type":"image\/jpeg"}],"twitter_card":"summary_large_image","twitter_misc":{"Tiempo de lectura":"1 minuto"},"schema":{"@context":"https:\/\/schema.org","@graph":[{"@type":"WebPage","@id":"https:\/\/iejuliussieber.edu.co\/sitio\/normatividad\/","url":"https:\/\/iejuliussieber.edu.co\/sitio\/normatividad\/","name":"NORMATIVIDAD - Instituci\u00f3n Educativa Julius Sieber","isPartOf":{"@id":"https:\/\/iejuliussieber.edu.co\/sitio\/#website"},"primaryImageOfPage":{"@id":"https:\/\/iejuliussieber.edu.co\/sitio\/normatividad\/#primaryimage"},"image":{"@id":"https:\/\/iejuliussieber.edu.co\/sitio\/normatividad\/#primaryimage"},"thumbnailUrl":"https:\/\/iejuliussieber.edu.co\/sitio\/wp-content\/uploads\/2018\/11\/cropped-cropped-ESCUDO-JULIUS-SIEBER-1-1.jpg","datePublished":"2018-11-13T05:29:42+00:00","dateModified":"2025-11-22T21:56:26+00:00","breadcrumb":{"@id":"https:\/\/iejuliussieber.edu.co\/sitio\/normatividad\/#breadcrumb"},"inLanguage":"es","potentialAction":[{"@type":"ReadAction","target":["https:\/\/iejuliussieber.edu.co\/sitio\/normatividad\/"]}]},{"@type":"ImageObject","inLanguage":"es","@id":"https:\/\/iejuliussieber.edu.co\/sitio\/normatividad\/#primaryimage","url":"https:\/\/iejuliussieber.edu.co\/sitio\/wp-content\/uploads\/2018\/11\/cropped-cropped-ESCUDO-JULIUS-SIEBER-1-1.jpg","contentUrl":"https:\/\/iejuliussieber.edu.co\/sitio\/wp-content\/uploads\/2018\/11\/cropped-cropped-ESCUDO-JULIUS-SIEBER-1-1.jpg","width":895,"height":1093},{"@type":"BreadcrumbList","@id":"https:\/\/iejuliussieber.edu.co\/sitio\/normatividad\/#breadcrumb","itemListElement":[{"@type":"ListItem","position":1,"name":"Portada","item":"https:\/\/iejuliussieber.edu.co\/sitio\/"},{"@type":"ListItem","position":2,"name":"NORMATIVIDAD"}]},{"@type":"WebSite","@id":"https:\/\/iejuliussieber.edu.co\/sitio\/#website","url":"https:\/\/iejuliussieber.edu.co\/sitio\/","name":"Instituci\u00f3n Educativa Julius Sieber","description":"","publisher":{"@id":"https:\/\/iejuliussieber.edu.co\/sitio\/#organization"},"potentialAction":[{"@type":"SearchAction","target":{"@type":"EntryPoint","urlTemplate":"https:\/\/iejuliussieber.edu.co\/sitio\/?s={search_term_string}"},"query-input":{"@type":"PropertyValueSpecification","valueRequired":true,"valueName":"search_term_string"}}],"inLanguage":"es"},{"@type":"Organization","@id":"https:\/\/iejuliussieber.edu.co\/sitio\/#organization","name":"Instituci\u00f3n Educativa Julius Sieber","url":"https:\/\/iejuliussieber.edu.co\/sitio\/","logo":{"@type":"ImageObject","inLanguage":"es","@id":"https:\/\/iejuliussieber.edu.co\/sitio\/#\/schema\/logo\/image\/","url":"https:\/\/iejuliussieber.edu.co\/sitio\/wp-content\/uploads\/2018\/11\/cropped-cropped-ESCUDO-JULIUS-SIEBER-1-1.jpg","contentUrl":"https:\/\/iejuliussieber.edu.co\/sitio\/wp-content\/uploads\/2018\/11\/cropped-cropped-ESCUDO-JULIUS-SIEBER-1-1.jpg","width":895,"height":1093,"caption":"Instituci\u00f3n Educativa Julius Sieber"},"image":{"@id":"https:\/\/iejuliussieber.edu.co\/sitio\/#\/schema\/logo\/image\/"}}]}},"_links":{"self":[{"href":"https:\/\/iejuliussieber.edu.co\/sitio\/wp-json\/wp\/v2\/pages\/150","targetHints":{"allow":["GET"]}}],"collection":[{"href":"https:\/\/iejuliussieber.edu.co\/sitio\/wp-json\/wp\/v2\/pages"}],"about":[{"href":"https:\/\/iejuliussieber.edu.co\/sitio\/wp-json\/wp\/v2\/types\/page"}],"author":[{"embeddable":true,"href":"https:\/\/iejuliussieber.edu.co\/sitio\/wp-json\/wp\/v2\/users\/1"}],"replies":[{"embeddable":true,"href":"https:\/\/iejuliussieber.edu.co\/sitio\/wp-json\/wp\/v2\/comments?post=150"}],"version-history":[{"count":0,"href":"https:\/\/iejuliussieber.edu.co\/sitio\/wp-json\/wp\/v2\/pages\/150\/revisions"}],"wp:attachment":[{"href":"https:\/\/iejuliussieber.edu.co\/sitio\/wp-json\/wp\/v2\/media?parent=150"}],"curies":[{"name":"wp","href":"https:\/\/api.w.org\/{rel}","templated":true}]}}